hat is the greatest common factor of i and 77?
7
Suppose 2*x + 9*o - 60 = 4*o, 0 = -2*o + 8. Calculate the greatest common factor of 600 and x.
20
Let y be ((-24)/1)/(-3) - -1. Suppose j - 55 + y = -4*b, 0 = 2*j + b - 64. What is the highest common factor of 300 and j?
30
Suppose -4*h + 180 = 4*m, 248 = 5*m - 3*h - 1. What is the highest common divisor of 6 and m?
6
Let a be -1 - (-86)/18 - (-2)/9. Suppose -a*s - 4*n + 80 = 0, 3*s - 38 = 3*n + 28. What is the greatest common factor of 63 and s?
21
Let r = -16 - -16. Suppose r*z = -2*z + 56. Calculate the greatest common divisor of 4 and z.
4
Let l be ((-78)/(-4))/3 - 5/(-10). Let f(h) = 11*h + 16. Let d be f(l). What is the greatest common divisor of 62 and d?
31
Let i(v) be the third derivative of v**4/4 - v**3/6 + 2*v**2. Let f be i(2). Let b be (-11 - 0)/(f/(-77)). Calculate the highest common divisor of 11 and b.
11
Let f be 2574/182 - 2/14. What is the highest common factor of f and 308?
14
Let b = -13 - -36. Let l = -7053 + 7076. What is the greatest common factor of b and l?
23
Let d be (-3 + 3)*(-1)/3. Let a be (d + 18)/((-28)/(-14)). Suppose 78 = 5*f + 3*x, -5*f = 3*x + x - 74. What is the greatest common divisor of f and a?
9
Let l(m) = m**2 - 7*m + 7. Let r be l(5). Let x be (-56)/(r/(-2 + 35)). Suppose -6*n + x = -2*n. Calculate the highest common divisor of 22 and n.
22
Let s(i) = 86*i + 201. Let q be s(-2). Calculate the highest common factor of q and 58.
29
Suppose -4*h - 24 = -7*h. Let w = -6 + -26. Let s be (w/(-20))/(2/25). What is the highest common factor of s and h?
4
Suppose 2*m - 61 - 739 = -3*f, f - 5*m = 244. Calculate the greatest common divisor of 22 and f.
22
Let r(o) = -5*o + 9. Let w be r(3). Let i be (-484)/w - 2*(-1)/(-3). What is the greatest common factor of 10 and i?
10
Let i = 2743 + -2363. Calculate the highest common divisor of i and 100.
20
Let m be (-1)/((-15)/6600*11). Let x(p) = -13*p + 1. Let k be x(-3). Calculate the highest common factor of m and k.
40
Let u(v) = 2*v**2 - 11*v + 9. Let p be u(8). Let q be 3/(-12)*-6*420/90. What is the highest common divisor of q and p?
7
Let c(q) = 2*q**2 + 23*q - 93. Let b be c(6). What is the greatest common factor of 26 and b?
13
Let l = 4929 - 4913. Let h = 12 + 12. Calculate the greatest common factor of h and l.
8
Suppose -4*i + 1 = -3*b + 32, 4*i - 41 = -5*b. What is the highest common factor of 5 and b?
1
Let n be ((-58)/6 - -1)*114/(-4). Calculate the greatest common factor of n and 13.
13
Suppose -4*v + 30 = 5*w, v = -3*w + 2*w + 7. Let m be (16/v)/(6/15). What is the greatest common divisor of m and 4?
4
Let g be 11/(-55)*-68 + 3/(-5). Calculate the greatest common factor of 689 and g.
13
Let w(f) = 581*f**2 - 51*f - 51. Let g be w(-1). Calculate the greatest common divisor of g and 35.
7
Suppose 0 = 32*r - 42 - 54. Suppose 0 = -0*l - 5*l + 30. Suppose r*u - 45 - l = 0. Calculate the highest common factor of u and 17.
17
Let n = -845 - -849. What is the greatest common factor of 58 and n?
2
Let a(y) be the first derivative of -3*y**2/2 + 34*y + 35. Let x be a(6). Let w be (3 - 1)/(1/56). What is the greatest common divisor of w and x?
16
Suppose 0 = -9*l + 10*l - 78. Suppose 0*v + l = d - 2*v, -d - 4*v = -60. Suppose d = -h + 4*h. What is the greatest common divisor of 48 and h?
24
Let n(l) = 3*l**3 - 56*l + 0*l**3 + 57*l. Let z be n(2). Calculate the highest common divisor of z and 13.
13
Let d be -5 - (-6 - -416)/(-5). Calculate the greatest common factor of d and 11.
11
Let z = -13 - -7. Let a be 20/(-15)*(z - -3). Suppose -3*x = 0, -5*d - a*x + 46 + 64 = 0. Calculate the greatest common factor of 55 and d.
11
Suppose -m = -5*z - 241, 10*m - 5*m + z = 1335. What is the greatest common factor of m and 14?
14
Suppose -1141 = -3*k + 4*z, 2*k + 2*k + 4*z = 1484. What is the highest common factor of 150 and k?
75
Let t(g) be the first derivative of 12*g**2 - 4*g + 1. Let l be t(4). Let v = l + -40. Calculate the greatest common factor of v and 13.
13
Suppose 4*w - 2*y = 70, -3*y + 1 + 13 = w. Suppose 20*m - w*m - 15 = 0. What is the greatest common divisor of m and 35?
5
Suppose -d - 28 = -9. Let x = 27 + d. What is the greatest common divisor of 72 and x?
8
Suppose 0 - 153 = -9*u. Calculate the greatest common factor of u and 4.
1
Suppose -8*i - 5*i + 2275 = 0. What is the greatest common factor of 25 and i?
25
Suppose 0*u + 5*u + 115 = 5*k, 0 = 2*k - 2. Let n be (-4)/(0 - (-1 + 9/8)). Let z = u + n. Calculate the highest common factor of z and 20.
10
Let y = 7 + -2. Suppose -g = -2*g. Suppose g = y*q - 12 + 2. Calculate the greatest common divisor of 4 and q.
2
Suppose 0*b + 4*b - 300 = -4*o, -4*b - 339 = -5*o. What is the greatest common divisor of 71 and o?
71
Let r(x) = x**3 + x**2 - 13*x - 11. Let l be r(-6). Let h = 170 + l. Calculate the greatest common factor of h and 19.
19
Let y be (-40)/(-6) + 7 + 140/(-21). Calculate the greatest common factor of y and 77.
7
Let q = 68 + -44. Calculate the greatest common divisor of 304 and q.
8
Suppose 0 = -2*q - 2*u + 78, 1 = 47*u - 48*u. What is the greatest common divisor of 104 and q?
8
Let m(b) = b**3 + 36*b**2 + 3*b + 114. Let o be m(-36). Calculate the highest common divisor of 1002 and o.
6
Let f be (1 - 5) + 579 + 0. Calculate the greatest common divisor of f and 25.
25
Suppose 26*c = -4*d + 29*c + 1097, 4*d + 4*c - 1104 = 0. What is the highest common factor of d and 25?
25
Let r be (4 + -3)*(-2 - (111 + -6)). Let p(j) = -10*j**2 - 1. Let o be p(4). Let k = r - o. What is the greatest common factor of 6 and k?
6
Suppose 2 = 2*l - 4*m, 4*l - m - m = 16. Suppose -l*s + 4*z + 50 + 182 = 0, 4*s - z - 190 = 0. What is the greatest common factor of s and 12?
12
Let l = -38 + 74. Suppose 3621*a + 270 = 3624*a. What is the highest common divisor of a and l?
18
Suppose 2*j + 2*j = -4*c + 28, 2*c = 5*j. Suppose 0 = k - 0*k + 2*x, k + j = -3*x. Calculate the highest common divisor of 1 and k.
1
Let h be 871/7 + 6 + (-180)/28. Calculate the greatest common factor of h and 558.
62
Let h be 29 - (-4)/(-3)*(-33)/(-11). What is the greatest common factor of h and 50?
25
Let i = 1821 + -1573. What is the greatest common divisor of i and 310?
62
Let c(r) = -2*r**2 + 2*r. Let a be c(2). Let q be a + 2/((-8)/(-76)). Calculate the greatest common divisor of q and 75.
15
Let i(s) = 5*s**2. Let h be i(-1). Suppose 55 + 5 = h*w. Let o = 54 - 18. Calculate the highest common factor of o and w.
12
Suppose 3*j + 188 - 191 = 0. Let h = -4 + 1. Let u = 8 + h. What is the greatest common divisor of j and u?
1
Suppose -3*p + 578 = 164. Suppose -l = -4*l + p. Let d = l + 106. What is the greatest common divisor of d and 38?
38
Let z(x) = 7*x + 9. Let m be z(1). What is the greatest common factor of 136 and m?
8
Let i(j) = 3*j**3 + 64*j**2 - 47*j - 53. Let h be i(-22). Let k = 114 + -49. What is the greatest common divisor of k and h?
13
Let h(a) = -a**2 + 34*a - 145. Let p be h(26). What is the highest common divisor of 81 and p?
9
Let h be (-2)/(-10)*-39*130/(-39). Calculate the highest common divisor of 234 and h.
26
Let u = 3 + 15. Suppose 34 = 5*d + 4*q, -71*q - 5 = -d - 70*q. Calculate the highest common divisor of u and d.
6
Suppose 0 = 2*u + b - 71, -2*u - 4*b - 21 = -77. Calculate the highest common factor of u and 494.
38
Let p(o) = o**3 - 8*o**2 - 5*o + 4. Let x be p(10). What is the greatest common factor of x and 42?
14
Let w(f) = 20*f + 221. Let r be w(-10). What is the greatest common divisor of 42 and r?
21
Let r = 3 + 3. Suppose 33*f - 26*f - 14 = 0. Calculate the highest common divisor of f and r.
2
Suppose 34 = 3*z + 40. Let n(g) = -10*g**3 - 4*g**2. Let y be n(z). Let r be 2 - (16/(-1) - -2). What is the greatest common factor of r and y?
16
Let r = -2 - -5. Suppose 0 = -r*y + 40 + 410. Let w be ((-14)/(-21))/(4/y). What is the greatest common factor of w and 10?
5
Let d(a) = 2*a - 40. Let r(m) = 4*m**2 + 5. Let u be r(-2). Let l be d(u). Calculate the highest common divisor of 14 and l.
2
Let p be 45/(-12) - 1/4. Let r = p - -8. Suppose -238 + 770 = r*u. Calculate the highest common divisor of u and 19.
19
Let h be 10/(-30) - (-2 - 12/9). Calculate the highest common factor of 267 and h.
3
Let x(k) = 61*k**2 + 2*k - 3. Let q(u) = -u**2 + 3*u + 5. Let t be 